at is -12221001102020 (base 3) in base 9?
-5831366
What is 3324002 (base 5) in base 14?
171d0
Convert 31369b (base 14) to base 7.
20056554
140052 (base 6) to base 3
122211012
What is 253164a (base 12) in base 3?
111200220122011
What is 341726 (base 8) in base 9?
185602
-2280e (base 16) to base 12
-69952
What is -60757 (base 10) in base 16?
-ed55
What is 2210102211112 (base 3) in base 11?
924656
Convert -1010101100011111010 (base 2) to base 7.
-2656513
9ed02 (base 15) to base 14
d248a
What is -2176862 (base 10) in base 2?
-1000010011011101011110
Convert -7a889 (base 12) to base 7.
-1251141
What is -1010110100101001 (base 2) in base 7?
-243145
221010021 (base 3) to base 4
10132021
Convert -5344256 (base 9) to base 2.
-1010111011001001101101
3894361 (base 10) to base 14
735329
What is 1001211331 (base 4) in base 6?
5431501
Convert -1232023003 (base 5) to base 13.
-811316
Convert 91600 (base 10) to base 12.
45014
What is 1352040 (base 7) in base 11?
113914
77edd (base 15) to base 11
24057a
Convert -1001111000100011011 (base 2) to base 15.
-65e62
Convert 11130112002 (base 4) to base 3.
2200111020010
Convert 19330 (base 11) to base 5.
1331031
What is 102122120022212 (base 3) in base 4?
113213220110
Convert 1063131 (base 7) to base 9.
222580
Convert 887332 (base 11) to base 3.
2122220100201
Convert 242201 (base 7) to base 16.
abe3
What is -146b75 (base 14) in base 2?
-10101101011001000011
What is 123334240 (base 6) in base 15?
32858c
Convert 45011771 (base 8) to base 3.
200021000222202
What is -43012324 (base 7) in base 15?
-4c18d1
What is 13142443 (base 5) in base 6?
2450250
What is -1b4076a (base 13) in base 8?
-42335763
What is -11110010010101111 (base 2) in base 10?
-124079
What is -202302323000 (base 4) in base 13?
-1b74a29
What is -274c (base 15) in base 6?
-102513
Convert 3416112 (base 7) to base 10.
424692
What is 2c5a5 (base 15) in base 3?
21021012102
What is 112202010020221 (base 3) in base 5?
4001224313
2bb74a (base 13) to base 15
165999
-432b58a (base 12) to base 16
-c2937a
What is 6110520 (base 8) in base 6?
54302000
What is 3266889 (base 13) in base 12?
51b1316
1896239 (base 12) to base 3
100201212100100
What is 10001001101000001010111 (base 2) in base 16?
44d057
What is -3434342 (base 6) in base 11?
-110222
What is 987333 (base 12) in base 3?
11112211210110
What is -14242214 (base 5) in base 10?
-149684
What is -303203 (base 4) in base 11?
-252a
390b5a (base 13) to base 7
14445341
-22a264 (base 13) to base 7
-6662534
-3d3b1 (base 14) to base 6
-3130051
What is 556047 (base 9) in base 16?
512b3
What is 110111101101010101 (base 2) in base 11?
146488
What is -c93bb (base 15) in base 2?
-10011011111100000110
-531212522 (base 6) to base 15
-c3b248
What is 13324403341 (base 5) in base 2?
1000000111101010111110100
311202103 (base 4) to base 8
654223
What is 33010200 (base 7) in base 2?
1010110001111101011011
70925 (base 11) to base 6
2115351
-1000121120102 (base 3) to base 8
-2045441
21032121 (base 4) to base 8
111631
Convert 113112214 (base 5) to base 6.
15045540
91c3d (base 14) to base 16
55aaf
Convert 21111364 (base 7) to base 12.
720827
What is -161193 (base 16) in base 12?
-598b83
Convert 112240424 (base 5) to base 13.
14a805
What is -6278a8 (base 11) in base 3?
-1220002221221
What is 2230844 (base 10) in base 16?
220a3c
What is 486a81 (base 12) in base 11?
731424
Convert 44135633 (base 7) to base 12.
132990b
-1aa639 (base 11) to base 10
-321539
Convert -1652235 (base 9) to base 6.
-31420052
What is 14335 (base 6) in base 8?
4363
What is 2214467 (base 10) in base 7?
24552113
-1211414422 (base 5) to base 10
-2841862
Convert -38991 (base 15) to base 13.
-6452b
Convert 492009 (base 12) to base 9.
2206070
Convert 40521150 (base 6) to base 13.
3188a0
Convert 304125 (base 8) to base 15.
1eb5c
What is -a42ab (base 12) in base 14?
-58351
Convert -100011101010001101011101 (base 2) to base 10.
-9347933
Convert a9e28 (base 16) to base 10.
695848
Convert -201306 (base 8) to base 5.
-4104441
What is 10445411 (base 6) in base 2?
1001101100000001111
1a42c7 (base 13) to base 10
666192
-7265 (base 11) to base 5
-302010
What is -122242444 (base 6) in base 10?
-2354140
Convert 2427477 (base 9) to base 10.
1317697
Convert -104853 (base 10) to base 7.
-614460
Convert -1a3031 (base 13) to base 4.
-2201333232
-118202 (base 12) to base 2
-1000101010000100010
Convert -111011011010000001110 (base 2) to base 15.
-286bad
What is -121103333 (base 4) in base 3?
-12021012222
57a951 (base 12) to base 8
5275715
13113134 (base 5) to base 3
20120012001
-87074 (base 9) to base 10
-57658
Convert -1234193 (base 12) to base 4.
-31203123333
What is 4124440014 (base 5) in base 9?
16778205
-347604 (base 8) to base 10
-118660
Convert -60804 (base 16) to base 14.
-a4096
202321311131 (base 4) to base 16
8b9d5d
122343 (base 6) to base 12
63b3
What is -1012100121222202 (base 3) in base 5?
-13400230040
-10211255 (base 6) to base 13
-a5305
-3367732 (base 8) to base 5
-213211440
What is 204016 (base 7) in base 14?
ca7d
What is 102220212222 (base 3) in base 8?
712240
51516 (base 11) to base 9
124078
What is 15a906 (base 11) in base 5?
30424121
What is -121322221220 (base 4) in base 14?
-c8bc5a
245624 (base 8) to base 13
2c837
40ddb (base 14) to base 8
461365
What is 65c14 (base 16) in base 10?
416788
Convert -21211210022202 (base 3) to base 14.
-7a7294
-314200 (base 8) to base 9
-168405
15292 (base 10) to base 5
442132
What is 1511 (base 11) in base 12?
1164
Convert -1202312 (base 7) to base 15.
-30105
Convert -100011102011110 (base 3) to base 10.
-4869840
Convert -2213243 (base 6) to base 8.
-330473
77693 (base 12) to base 10
158223
314c8 (base 14) to base 9
201148
-13a6b2 (base 12) to base 13
-b6b82
Convert -26d1ac (base 14) to base 6.
-44433420
-83baa (base 15) to base 10
-417760
Convert 348904 (base 11) to base 8.
2070762
Convert 1101100010100000111101 (base 2) to base 8.
15424075
What is 13440144 (base 7) in base 3?
2100200100100
Convert 3553234 (base 6) to base 10.
186070
Convert -125623261 (base 7) to base 15.
-aa20d1
1339923 (base 10) to base 11
835782
112485 (base 10) to base 7
645642
Convert -120101204 (base 5) to base 12.
-226483
Convert -21215601 (base 8) to base 5.
-2124412100
Convert -215403545 (base 6) to base 5.
-1444420114
Convert 323022203 (base 4) to base 11.
156089
32300003102 (base 4) to base 16
3b00d2
What is 5840cd (base 14) in base 12?
1010619
Convert -417577 (base 9) to base 2.
-111100101000001111
What is 411280 (base 12) in base 4?
3320211000
11cf7 (base 16) to base 10
72951
-11e847b (base 15) to base 3
-220020201022122
-3593a7 (base 11) to base 2
-10001010110111110001
Convert 591697 (base 11) to base 12.
393617
What is -89a86a (base 11) in base 3?
-2200212210210
What is 15878c (base 13) in base 12?
218525
-456bdc (base 15) to base 12
-1139699
Convert -312142342 (base 5) to base 9.
-2371656
Convert -26887681 (base 9) to base 2.
-110010101011011100000110
-893861 (base 10) to base 13
-253b17
What is 832886 (base 12) in base 16?
1f6566
What is 2121100000021 (base 3) in base 4?
11101332322
164554 (base 9) to base 7
602515
Convert -25dd2 (base 14) to base 13.
-335c9
5048e (base 15) to base 5
31113114
Convert 16845453 (base 10) to base 2.
1000000010000101010001101
Convert 1836554 (base 9) to base 16.
fb0f8
20220112222 (base 3) to base 5
13322443
Convert c3b08c (base 14) to base 7.
110044235
Convert 1735543 (base 8) to base 4.
1323231203
What is -1322141 (base 5) in base 13?
-c110
Convert -5777a (base 15) to base 16.
-43fa8
80142 (base 9) to base 14
15259
-401432203 (base 5) to base 14
-2d6679
Convert 4211113 (base 5) to base 2.
10000111110011101
14280 (base 15) to base 7
356421
What is -5d50e (base 16) in base 6?
-12105314
-34334010 (base 5) to base 16
-4b596
What is -23411241 (base 5) in base 11?
-13868a
What is -32287 (base 11) in base 15?
-dd82
Convert -11101010110110011000 (base 2) to base 3.
-1210212112120
What is -1111110010111010 (base 2) in base 8?
-176272
What is -109a21 (base 13) in base 12?
-16b37b
What is -2167673 (base 8) in base 13?
-176759
What is -102001200100 (base 3) in base 8?
-651211
What is -144846 (base 10) in base 13?
-50c10
What is 9a0907 (base 11) in base 4?
12011320211
Convert -4840c (base 14) to base 13.
-623b2
Convert 2314313123 (base 